{"id":348,"date":"2017-05-05T00:12:34","date_gmt":"2017-05-05T04:12:34","guid":{"rendered":"http:\/\/skatejam.ca\/?page_id=348"},"modified":"2025-08-13T21:57:14","modified_gmt":"2025-08-14T01:57:14","slug":"infos","status":"publish","type":"page","link":"https:\/\/skatejam.ca\/?page_id=348","title":{"rendered":"INFOS"},"content":{"rendered":"<div id=\"pl-348\"  class=\"panel-layout\" ><div id=\"pg-348-0\"  class=\"panel-grid panel-no-style\" ><div id=\"pgc-348-0-0\"  class=\"panel-grid-cell\" ><div id=\"panel-348-0-0-0\" class=\"so-panel widget widget_text panel-first-child\" data-index=\"0\" ><h3 class=\"widget-title\">\u00c0 Propos du SKATE JAM.<\/h3>\t\t\t<div class=\"textwidget\"><div class=\"page\" title=\"Page 2\">\n<div class=\"section\">\n<div class=\"layoutArea\">\n<div class=\"column\">\n<p>La mission du SKATE JAM est de proposer un mariage entre le skateboard, la musique et les arts visuels dans un me\u0302me lieu, le temps d\u2019une fin de semaine. L&#8217;\u00e9v\u00e9nement a comme objectif de supporter la pratique de l\u2019activit\u00e9 physique pour les jeunes et moins jeunes en faisant d\u00e9couvrir la planche \u00e0 roulette, tout en proposant une programmation musicale qui vise \u00e0 supporter la communaut\u00e9 d\u2019artistes \u00e9mergents. Des artistes en arts visuels de la r\u00e9gion sont \u00e9galement invit\u00e9s \u00e0 afficher leurs oeuvres sur place.<\/p>\n<\/div>\n<\/div>\n<\/div>\n<\/div>\n<\/div>\n\t\t<\/div><div id=\"panel-348-0-0-1\" class=\"so-panel widget widget_text\" data-index=\"1\" ><h3 class=\"widget-title\">F.A.Q.<\/h3>\t\t\t<div class=\"textwidget\"><p><b>O\u00f9 se d\u00e9roule le Skate Jam?<\/b><br \/>\nLe Skate Jam se d\u00e9roule au parc de planche \u00e0 roulette de Rimouski, avec la sc\u00e8ne et l&#8217;entr\u00e9e du site qui est situ\u00e9e dans le stationnement de Tennis Rimouski. \u00c0 l&#8217;intersection du Boulevard Arthur-Buies O et de l&#8217;avenue Rouleau. Si vous utilisez un GPS, vous pouvez inscrire l&#8217;adresse suivante pour trouver facilement le site : 416 avenue Rouleau, Rimouski, QC, G5L 7S5.<\/p>\n<p><b>Combien co\u00fbte le billet?<\/b><br \/>\nL&#8217;acc\u00e8s au festival est gratuit et ouvert \u00e0 tous. Si vous en avez les moyens, nous acceptons les contributions volontaires \u00e0 l&#8217;avance, ainsi qu&#8217;\u00e0 l&#8217;entr\u00e9e afin de soutenir notre organisme pour l&#8217;organisation de futurs \u00e9v\u00e9nements. Nous recommandons une contribution de 15$ par jour si vous en avez les moyens afin de nous aider \u00e0 financer les co\u00fbts du festival.<\/p>\n<p><b>Dois-je payer pour venir faire du skateboard sur les modules?<\/b><br \/>\nNon, l&#8217;acc\u00e8s au site ainsi qu&#8217;aux activit\u00e9s du SKATE JAM est gratuit (contribution volontaire).<\/p>\n<p><b>\u00c0 quelle heure le site ouvre-il?<\/b><br \/>\nL&#8217;ouverture du site se fait \u00e0 19h00 le vendredi, et 16h00 le samedi et dimanche.<\/p>\n<p><b>\u00c0 quelle heure les spectacles se terminent-ils?<\/b><br \/>\nLes spectacles se terminent vers 23h00 chaque soir. Le dimanche soir, les spectacles pourraient se terminer plus t\u00f4t.<\/p>\n<p><b>\u00c0 quelle heure le groupe X joue-t-il?<\/b><br \/>\nVous pouvez <a href=\"#\" target=\"_blank\" rel=\"noopener\">voir l&#8217;horaire ici<\/a>.<\/p>\n<p><b>Puis-je apporter mon alcool? Est-ce qu&#8217;il y a un bar sur place?<\/b><br \/>\nIl y aura un service bar sur place servant \u00e0 la fois des produits avec et sans alcool. Il est donc strictement d\u00e9fendu d&#8217;apporter vos propres breuvages \u00e0 l&#8217;exception d&#8217;une bouteille d&#8217;eau. Nous vous recommandons fortement d&#8217;apporter votre propre bouteille d&#8217;eau r\u00e9utilisable. Il y a un abreuvoir sur place afin de remplir votre bouteille.<\/p>\n<p><b>J&#8217;ai moins de 18 ans. Est-ce que je peux venir quand m\u00eame au festival?<\/b><br \/>\nOUI! L&#8217;\u00e9v\u00e9nement est ouvert \u00e0 tous puisque nous avons un permis de r\u00e9union pour la vente d&#8217;alcool et non un permis de bar. Il vous est par contre interdit d&#8217;acheter des produits alcoolis\u00e9s au bar sur place. Nous avons plusieurs options sans alcool si vous avez besoin d&#8217;un rafraichissement.<\/p>\n<p><b>J&#8217;aimerais apporter mon enfant au festival, est-ce possible?<\/b><br \/>\nTout \u00e0 fait! L&#8217;\u00e9v\u00e9nement est ouvert \u00e0 tous et nous encourageons les visites en famille.<\/p>\n<p><b>Est-ce qu&#8217;il y a une capacit\u00e9 limite sur le site?<\/b><br \/>\nOui, l&#8217;espace est limit\u00e9e et l&#8217;acc\u00e8s au site suit le principe du premier arriv\u00e9, premier servis. La capacit\u00e9 est limit\u00e9e et l&#8217;\u00e9v\u00e9nement pourrait \u00eatre complet en soir\u00e9e. En nouveaut\u00e9 cette ann\u00e9e, nous offrons des billets &#8220;Contribution volontaire &#8211; place r\u00e9serv\u00e9e&#8221; afin de r\u00e9server une place garantie sur place pour les spectacles.<\/p>\n<p><b>J&#8217;ai trop consomm\u00e9 d&#8217;alcool pour conduire ma voiture! Quelles sont mes solutions?<\/b><br \/>\nVous pouvez utiliser le service de Taxi Rimouski en appelant au 418-723-3344.<\/p>\n<p><b>O\u00f9 dormir?<\/b><\/p>\n<p>Plusieurs options d&#8217;h\u00e9bergement sont offerte \u00e0 Rimouski afin de dormir dans la r\u00e9gion si vous venez de l&#8217;ext\u00e9rieur! Visitez cette page pour consulter les options d&#8217;h\u00e9bergement au Bas-St-Laurent. <a href=\"https:\/\/www.bassaintlaurent.ca\/fr\/ou-dormir\/\" target=\"_blank\" rel=\"noopener\">H\u00c9BERGEMENT AU BAS-ST-LAURENT<\/a><\/p>\n<p><b>J&#8217;ai perdu un objet sur place. Que puis-je faire?<\/b><br \/>\nNous ne sommes pas responsable des objets perdus ou vol\u00e9s. Ne laissez rien de valeur sans surveillance sur le site. Vous pouvez rejoindre l&#8217;organisation apr\u00e8s l&#8217;\u00e9v\u00e9nement \u00e0 l&#8217;adresse suivante : info@skatejam.ca<\/p>\n<\/div>\n\t\t<\/div><div id=\"panel-348-0-0-2\" class=\"so-panel widget widget_text\" data-index=\"2\" ><h3 class=\"widget-title\">LES PRODUCTIONS ONE UP (Organisateur)<\/h3>\t\t\t<div class=\"textwidget\"><p><b>MISSION<\/b><br \/>\n\u201cLes Productions One Up\u201d est un organisme \u00e0 but non lucratif ayant comme mission de promouvoir la culture et les arts de la sc\u00e8ne dans la province de Qu\u00e9bec en proposant des \u00e9v\u00e9nements professionnels qui mettent en valeur les talents locaux, r\u00e9gionaux, nationaux et internationaux. <\/p>\n<p><b>VISION<\/b><br \/>\nL\u2019organisme qui oeuvre dans la sph\u00e8re de l\u2019\u00e9conomie sociale souhaite d\u00e9montrer qu'il\u00a0existe plusieurs artistes \u00e9mergents dans toutes les r\u00e9gions du Qu\u00e9bec et qu\u2019ils m\u00e9ritent une place importante au sein\u00a0de la\u00a0collectivit\u00e9.<\/p>\n<p><b>VALEURS<\/b><\/p>\n<p><b>- \u00c9coresponsabilit\u00e9 et environnement<\/b><br \/>\nL\u2019aspect \u00e9coresponsable est primordial dans l\u2019organisation. L\u2019application de mesures concr\u00e8tes telles que le recyclage, le compostage, l\u2019utilisation de r\u00e9cipients r\u00e9utilisables ainsi qu\u2019en favorisant le choix de fournisseurs et partenaires locaux, soucieux de l\u2019environnement sont nos valeurs de bases. <\/p>\n<p><b>- Professionalisme<\/b><br \/>\nLa capacit\u00e9 \u00e0 assurer s\u00e9rieusement un engagement concret et de qualit\u00e9 envers la soci\u00e9t\u00e9. <\/p>\n<p><b>- D\u00e9veloppement des collectivit\u00e9s.<\/b><br \/>\nL\u2019organisation d\u2019\u00e9v\u00e9nements en r\u00e9gion permet de tisser des liens entre les membres d\u2019une communaut\u00e9. <\/p>\n<p><b>- Soutient \u00e0 la rel\u00e8ve.<\/b><br \/>\nSoutenir les jeunes et les nouveaux projets qui deviendront le futur de notre soci\u00e9t\u00e9. <\/p>\n<p><b>- Saines habitudes de vie<\/b><br \/>\nPromouvoir les saines habitudes tels l\u2019activit\u00e9 physique, une saine alimentation ainsi qu\u2019un mode de vie \u00e9quilibr\u00e9e. <\/p>\n<\/div>\n\t\t<\/div><div id=\"panel-348-0-0-3\" class=\"so-panel widget widget_sow-button panel-last-child\" data-index=\"3\" ><div\n\t\t\t\n\t\t\tclass=\"so-widget-sow-button so-widget-sow-button-atom-f54c0409268f-348\"\n\t\t\t\n\t\t><div class=\"ow-button-base ow-button-align-center\"\n>\n\t\t\t<a\n\t\t\t\t\thref=\"http:\/\/oneupprod.com\"\n\t\t\t\t\tclass=\"sowb-button ow-icon-placement-left ow-button-hover\" target=\"_blank\" rel=\"noopener noreferrer\" \t>\n\t\t<span>\n\t\t\t\n\t\t\tLes Productions One Up\t\t<\/span>\n\t\t\t<\/a>\n\t<\/div>\n<\/div><\/div><\/div><\/div><\/div>","protected":false},"excerpt":{"rendered":"<p>La mission du SKATE JAM est de proposer un mariage entre le skateboard, la musique et les arts visuels dans un me\u0302me lieu, le temps d\u2019une fin de semaine. L&#8217;\u00e9v\u00e9nement a comme objectif de supporter la pratique de l\u2019activit\u00e9 physique pour les jeunes et moins jeunes en faisant d\u00e9couvrir la planche \u00e0 roulette, tout en [&hellip;]<\/p>\n","protected":false},"author":1,"featured_media":0,"parent":0,"menu_order":0,"comment_status":"closed","ping_status":"closed","template":"templates\/template-full-notitle.php","meta":{"footnotes":""},"class_list":["post-348","page","type-page","status-publish","hentry","post"],"_links":{"self":[{"href":"https:\/\/skatejam.ca\/index.php?rest_route=\/wp\/v2\/pages\/348","targetHints":{"allow":["GET"]}}],"collection":[{"href":"https:\/\/skatejam.ca\/index.php?rest_route=\/wp\/v2\/pages"}],"about":[{"href":"https:\/\/skatejam.ca\/index.php?rest_route=\/wp\/v2\/types\/page"}],"author":[{"embeddable":true,"href":"https:\/\/skatejam.ca\/index.php?rest_route=\/wp\/v2\/users\/1"}],"replies":[{"embeddable":true,"href":"https:\/\/skatejam.ca\/index.php?rest_route=%2Fwp%2Fv2%2Fcomments&post=348"}],"version-history":[{"count":58,"href":"https:\/\/skatejam.ca\/index.php?rest_route=\/wp\/v2\/pages\/348\/revisions"}],"predecessor-version":[{"id":1182,"href":"https:\/\/skatejam.ca\/index.php?rest_route=\/wp\/v2\/pages\/348\/revisions\/1182"}],"wp:attachment":[{"href":"https:\/\/skatejam.ca\/index.php?rest_route=%2Fwp%2Fv2%2Fmedia&parent=348"}],"curies":[{"name":"wp","href":"https:\/\/api.w.org\/{rel}","templated":true}]}}